a + 28226. What is the hundreds digit of a?
0
Let z(p) = -p**2 - 20*p - 15. Let h be z(-14). Let k = h + 7. What is the tens digit of k?
7
Suppose 0 = 6*s - 7*s + 2. Suppose -9*w + s*w - 14 = 0. What is the units digit of 364*w*(-3)/12?
2
Let t be ((-31876)/(-4))/(4 + -2 + -1). Suppose 0*a - t = -13*a. Suppose 5*m = -3*w + w + a, -m + 117 = -w. What is the tens digit of m?
2
What is the tens digit of ((-6)/(-4))/((-624354)/89196 + 7)?
3
Let d be (-3 + 4)*1 + 4. Suppose 0 = -3*p - 5*j + 7*j + d, -5*p + 5*j + 5 = 0. Suppose 2*l + p*l - 958 = 2*n, -5*n = -l + 187. What is the units digit of l?
2
Let c = -872 - -1256. Let z = c + -177. What is the units digit of z?
7
Suppose -84*z + 87398 = -45539 - 206423. What is the hundreds digit of z?
0
Let x be 0 + 3 - 0 - 1. Suppose -3*n = -5*l + 2*n - 15, -n = -x*l - 2. What is the units digit of (-1)/l*(16 - 58)?
2
Suppose 5*a - 4*d - 40790 = 0, -5*d = -18*a + 21*a - 24511. What is the units digit of a?
2
Let w be 45/20 - 2/8. Suppose 76 = w*k + 30. Let u(h) = h - 14. What is the units digit of u(k)?
9
Suppose -7*g - 3*t = -3*g - 147598, 3*g - 110724 = 2*t. What is the ten thousands digit of g?
3
Suppose 2975 = k + 1480. What is the units digit of k?
5
Let c(n) be the third derivative of n**4/8 - 50*n**3 - 27*n**2. Let m be c(0). Let x = 474 + m. What is the hundreds digit of x?
1
Suppose 67244 = 26*w - 82438. What is the units digit of w?
7
Suppose 5*d + 5*f = 85, -3*f - f = 0. Suppose 22*s - 2970 = d*s. What is the units digit of s?
4
Let p = 311 - 161. What is the units digit of ((-1683)/(-255))/(2/p)?
5
What is the tens digit of 15/((-345)/(-22057)) - 1*-7*1?
6
Suppose 3*q + 60111 = 2*u, 3*u - 10814 - 79344 = -4*q. What is the ten thousands digit of u?
3
Suppose 3*w + 5*t - 27 + 2 = 0, -5*w - 20 = -4*t. Suppose -3*p = 122*z - 121*z + 341, 4*z = -5*p - 573. What is the units digit of 2 - w - -1 - p?
6
Let f(o) = o**2 + 8*o - 1. Let b be f(-9). Let n be (-180)/(-24)*b/3. Suppose -n*h = -24*h + 412. What is the hundreds digit of h?
1
Let o(z) = -16 - 68*z + 18 - 10. Let c be o(-12). Suppose -5*l + c = 2*w, -3*l + 0*w + 5*w = -460. What is the tens digit of l?
6
Let s be (12*(1 + 16/(-12)))/(-4). What is the tens digit of (460 - s)*(5 + 143/(-33))?
0
Let q be (-95)/(-3*6/108). Suppose -w - k = -q, -5*k - 2850 = -w - 4*w. What is the hundreds digit of w?
5
Let f(x) = 2*x**2 + 18*x + 13. Suppose -7*b + 108 = -81. Suppose -3*i = -0*i + b. What is the tens digit of f(i)?
1
Let b(u) = -5*u - 3. Let h be b(-7). Suppose 2*n + 2*n = h. Suppose 0 = -9*j + n*j + 66. What is the units digit of j?
6
What is the hundreds digit of (-18)/10*(-543365)/327?
9
Suppose 0 = -3*d + 4*m + 4246 - 644, 0 = -3*d + 5*m + 3598. Let r = 2378 - d. What is the units digit of r?
2
Let t(o) = -96*o - 61. What is the units digit of t(-11)?
5
Suppose 4762679 = 309*k - 107*k - 425893. What is the units digit of k?
6
Suppose 5*g + 79 = -a, -a + g = 5*g + 76. Suppose 52 + 24 = 2*u. Let n = u - a. What is the units digit of n?
2
Let n(t) = 23*t**2 + 966*t + 191. What is the units digit of n(-67)?
6
Let n = -22263 + 25518. What is the thousands digit of n?
3
Suppose 5*v - 2*n - 108090 = 0, 8*v - 4*v = -n + 86459. What is the ten thousands digit of v?
2
Suppose 1057591 - 16012 = 22*s + 27335. What is the hundreds digit of s?
1
Let h = -82 - -109. Suppose -h*j + 24*j = -786. What is the units digit of j?
2
Suppose -5*q + 21*q - 80 = 0. Suppose -2*p - 22 = -2*i, 2*p - 6*p + 46 = q*i. What is the tens digit of i?
1
Suppose 50*y - 114276 = 104724. What is the thousands digit of y?
4
Suppose -f + 3*f = 0. Let d be (0/(-1) + f)/(-2). Suppose 4*c - 11 - 1 = d. What is the units digit of c?
3
Suppose 4*t + 36 = 5*t. Suppose 2 = -5*n - 2*q + 14, 4*n - t = 5*q. Suppose -n*l + 2*l + 148 = 0. What is the tens digit of l?
7
Suppose 3*g - 112*m - 12253 = -107*m, 0 = 5*g - 2*m - 20390. What is the hundreds digit of g?
0
Let o = 5952 + -3488. Suppose 0 = -5*p - 9*p + o. What is the units digit of p?
6
Let p(x) = 8*x**2 - 15*x + 580. What is the thousands digit of p(25)?
5
Let w(t) be the second derivative of -17*t**3/2 + 8*t**2 + 56*t. What is the hundreds digit of w(-7)?
3
Suppose -437 = -20*r + 1763. Suppose 2*k + w - 201 = 0, 0 = 5*k + 5*w - 605 + r. What is the hundreds digit of k?
1
Let o = -2574 - -4669. Let c = o - 715. Suppose 20*x - c = 15*x. What is the hundreds digit of x?
2
Let p be 1/3 - (-1085)/21. Suppose 0 = 3*j + 13 - 193. Suppose -j = -4*f + p. What is the tens digit of f?
2
Suppose 0 = -3*c - 2*k + 103818, 238*k - 236*k = 4*c - 138396. What is the units digit of c?
2
Let t be ((3 - 4) + -419)*-80. Suppose t = 37*a + 3*a. What is the units digit of a?
0
Let o(c) = c**3 + 8*c**2 + 4*c + 12. Suppose -4*g + 43 = 5*p, -g - p + 4*p = -15. Let n = -19 + g. What is the tens digit of o(n)?
3
Suppose 8*i = -4990 - 4890. Let p = -818 - i. What is the hundreds digit of p?
4
Let d(w) = 75*w + 192. Let h be d(-31). Let a = h + 3338. What is the units digit of a?
5
Let l be 11/((12/8)/(6/4)). Suppose 0 = l*f - 275 + 44. What is the units digit of f?
1
Let a be 2/(-6) + 50/6. Let j(z) = -z**3 + 9*z**2 - 14*z + 78. What is the tens digit of j(a)?
3
Let w be 6/(-3)*(2 - (-5)/(-2)). What is the units digit of -10 - -5 - w - -707?
1
Suppose 0 = 7*n - 1165 - 767. Suppose 272*m = n*m - 768. What is the tens digit of m?
9
Let z = 857 + -173. Suppose -5*p = 5*n - 2585, -p - z = -3*n + 867. What is the hundreds digit of n?
5
Let c(z) = 6*z + 17. Let n(u) = -u + 3. Let k be (15*(-4)/(-12))/(2/(-2)). Let x be n(k). What is the tens digit of c(x)?
6
Let m = 237 - 232. Suppose 0 = -4*c - m*q + 1630, 344 = 2*c - 3*q - 482. What is the hundreds digit of c?
4
Suppose -h = 3*t - 371 - 2648, 4*t - 9047 = -3*h. What is the tens digit of h?
1
Let b(u) = u**2 - 9*u - 10. Suppose 0 = 4*x - 4*y - 36, 5*x - 4*y = -9*y + 55. Let q be b(x). Suppose q = -r + 3*r - 86. What is the tens digit of r?
4
Let w be 93/(-4) + 4/16. Let h(x) be the third derivative of x**6/120 + 23*x**5/60 - 5*x**4/8 - 19*x**3/2 + 4*x**2 + 2*x. What is the tens digit of h(w)?
8
Suppose 4*d + n - 19171 = 0, d + 19166 = 5*d + 2*n. Suppose 0 = -125*w + 131*w - d. What is the hundreds digit of w?
7
Let j(b) be the first derivative of 2*b**3/3 + 6*b**2 - 2*b - 8. Let y be j(-6). What is the units digit of (6/(-2))/3 - y?
1
Let h(c) = 49428*c**2 + 816*c - 815. What is the ten thousands digit of h(1)?
4
Let p(o) = -o - 4. Let m be p(-9). Suppose -m*q = -2*k - 10*q - 101, 3*k = -q - 145. Let r = k - -135. What is the tens digit of r?
8
Let d be -4*(932/(-8) + 7). Suppose -3230 = -14*s + d. What is the units digit of s?
2
Suppose 4*t + n = 5*n + 216764, -5*n = -15. What is the units digit of t?
4
Suppose -67 = 9*r - 319. Suppose 5*a = t - 962, -26*t + 5*a = -r*t + 1849. What is the hundreds digit of t?
9
What is the thousands digit of ((-50)/(-210)*-3156)/((-4)/42)?
7
What is the thousands digit of 96/112 + (-119136)/(-21) + -4?
5
Let v(k) = -4*k**3 + k**2 + k - 1. Let m be v(1). Let g(a) = -3*a**2 + 6*a**2 - a - 2*a**2 - 4. What is the units digit of g(m)?
8
Suppose 184*i + 106848 - 607994 = 1338302. What is the thousands digit of i?
9
Let z(j) = 85*j**2 - 4*j + 8. Let k be z(2). Suppose p + 433 = 5*i, 0*i - k = -4*i + 4*p. Suppose -11*n + i = -10*n. What is the tens digit of n?
8
Let x(w) = -3*w**3 + 171*w**2 - 48*w - 324. What is the units digit of x(52)?
0
Suppose -a = -4*g + 14, -2*a - 29*g + 26*g = -16. Suppose 12 = -4*i, i - 2298 = -3*h + a*i. What is the tens digit of h?
6
Let z(o) = 10*o**2 - 15*o - 99. Let t be z(-11). Suppose 25*j - 23*j = t. What is the units digit of j?
8
What is the hundreds digit of ((-80)/48)/((-30)/88632*2)?
4
Suppose -111*x = -110*x + 13. Let y(i) = i**2 - 24. What is the hundreds digit of y(x)?
1
Let v = -210 - -1038. Let i = v + -697. What is the hundreds digit of i?
1
Let i(m) = 2*m**3 + m**2 - 7*m - 6. Let d be i(6). Suppose d = 7*k - 2*k. Let y = k - 25. What is the tens digit of y?
5
Let w = -505 + 521. Suppose -3*z + 454 = 2*i, 2*i - 20 = -w. What is the tens digit of z?
5
Suppose -5*x + 2 = 3*u + 5, 1 = -3*x - u. Suppose -25 = 5*n, 2*g - n = -x*g + 15. Suppose -g*y + 200 = -y. What is the units digit of y?
0
Suppose 31*n = 101*n - 53*n - 118745. What is the units digit of